{"id":1205,"date":"2015-10-12T19:07:20","date_gmt":"2015-10-12T19:07:20","guid":{"rendered":"http:\/\/cfa.cabrio-freunde-augsburg.de\/?page_id=1205"},"modified":"2015-10-12T19:09:15","modified_gmt":"2015-10-12T19:09:15","slug":"closing-tour-2015-stadt-land-fluss-oder-see","status":"publish","type":"page","link":"https:\/\/cfa.cabrio-freunde-augsburg.de\/?page_id=1205","title":{"rendered":"Closing Tour 2015 &#8211; Stadt, Land, Fluss (oder See)"},"content":{"rendered":"<p>Es ist vollbracht \u2013 die Closing Tour hat uns alle begeistert. Ein kleiner Trupp startete von K\u00f6nigsbrunn, die Anderen kamen dann nach Merklingen. Dort fanden dann alle<br \/>\nCFA-ler zusammen. Stuttgart auf Nebenwegen war eine gute Alternative zur \u00fcblichen Autobahn. Nett, das L\u00e4ndle. Aber die Baden-W\u00fcrttemberger haben wohl das Super- Package bestellt: 30er und 50er Schilder ab 20 St\u00fcck pro Gemeinde mit Radaranlage gratis. Jede Gemeinde will da wohl die Kasse aufbessern.<\/p>\n<p>So kann sich ein Land auch selbst herunterbremsen. Es ist schon teilweise nervig, was die Leutle so treiben. Aber ab Ortsausgang konnten dann die Kurven eingerahmt in herbstlichem Bl\u00e4tterwald (ohne Schilderwald) genossen werden. In Stuttgart trafen wir auf die Wasen und einen Auftritt von Mario Barth. Diese Kombination f\u00fchrte lokal zu einem Verkehrsinfarkt, der das bis dahin perfekte Timing etwas knapp werden lie\u00df. Es hat dann aber noch geklappt: Die abendliche, exklusive Museumsf\u00fchrung bei Mercedes-Benz ohne weiteres Publikum war sicher ein Highlight der Tour. Hans erz\u00e4hlte von seinen Mercedes S\u00fcnden, Kamera und die kleinen Linsen der Mobiltelefone hielten besondere automobile St\u00fccke fest. Die F\u00fchrung der Meringer Arch\u00e4ologin war kurzweilig und informativ (Pferdeapfel auf der Stra\u00df\u2018 bereitet nem\u2018 Kotfl\u00fcgel gro\u00dfen Spa\u00df). Danach genossen wir beim Edel-Italiener ein vorz\u00fcgliches Men\u00fc.<br \/>\nInteressante Weine begleiteten die Gaumenfreuden. Eine gute Grundlage f\u00fcr tiefen und festen Schlaf. Nach morgendlichen Fr\u00fchst\u00fcck qu\u00e4lten wir uns durch Stuttgart, Sindelfingen, B\u00f6blingen &#038; Co. Da muss man durch. Danach wurden wir von tollen Nebenstra\u00dfen und Str\u00e4\u00dfchen doppelt belohnt.<\/p>\n<p>Das richtige Grinsen brachte dann die Strecke um den Feldberg. 1200 H\u00f6henmeter. Da kann man sich gut auf und ab schrauben. Trotz K\u00fchle und dicken Wolken genossen wir Kurve um Kurve. Es war eine Orchestrierung vieler kleinen und gro\u00dfen Biegungen, Steigungen und Gef\u00e4lle, einer wunderbaren Landschaft und guter Stra\u00dfenqualit\u00e4t. Eine traumhafte Mischung, die den Popometer jeden Zentimeter mitsteuern lie\u00df. Das war kein Cabriofahren, das war eine Passion. Am Tittisee wartete ein feines Hotel auf uns. Beim abendlichen Men\u00fc wurde die Kurven nochmals nachgefahren. Sch\u00f6n wars.<br \/>\nNach einem guten Fr\u00fchst\u00fcck wurden die Zylinder in Bewegung gesetzt. Es ging dann auch gleich zum Aufw\u00e4rmkurs. Ein Traum von Landschaft. Bis zum Rheinfall in Schaffhausen schl\u00e4ngelten wir uns \u00fcber Genussstr\u00e4\u00dfchen bergauf und bergab.<br \/>\nSave Beer \u2013 drink Rheinfall Water (in Dosen). Womit man Geld machen kann\u2026<\/p>\n<p>Und sie schwimmen doch, die Cabrios (von Konstanz nach Meersburg) kurze Pause auf dem Bodensee. Im Anschluss warteten wieder wunderbare Herbstwaldpisten. Nur selten durch etwas ausgebremst: F\u00e4hrt ein Toyota vor Dir her, bremsts den Spa\u00df doch sehr\u2026<br \/>\nIn einer 30er Zone hatten wir dann noch ein besonders vorsichtiges Pacecar vor uns\u2026<br \/>\nNach Stra\u00dfen, die getrost als Geheimtipp bezeichnet werden k\u00f6nnen, lie\u00dfen wir den Sonntag dann in der Remise zu Schmidsfelden ausklingen.<br \/>\nLieber Roland, liebe Kirsten \u2013 eine Traumtour, die der Herbst auch optisch zum Genuss machte.<br \/>\nVielen Dank f\u00fcr die tolle Organisation und die vielen Pfade abseits vom \u00fcblichen Verkehr.<\/p>\n<p>Susanne und Niels<\/p>\n<p>[nggallery id=10]<\/p>\n","protected":false},"excerpt":{"rendered":"<p>Es ist vollbracht \u2013 die Closing Tour hat uns alle begeistert. Ein kleiner Trupp startete von K\u00f6nigsbrunn, die Anderen kamen dann nach Merklingen. Dort fanden dann alle CFA-ler zusammen. Stuttgart auf Nebenwegen war eine gute Alternative zur \u00fcblichen Autobahn. Nett, &hellip; <a href=\"https:\/\/cfa.cabrio-freunde-augsburg.de\/?page_id=1205\">Weiterlesen <span class=\"meta-nav\">&rarr;<\/span><\/a><\/p>\n","protected":false},"author":1,"featured_media":0,"parent":0,"menu_order":0,"comment_status":"closed","ping_status":"closed","template":"","meta":{"footnotes":""},"class_list":["post-1205","page","type-page","status-publish","hentry"],"_links":{"self":[{"href":"https:\/\/cfa.cabrio-freunde-augsburg.de\/index.php?rest_route=\/wp\/v2\/pages\/1205","targetHints":{"allow":["GET"]}}],"collection":[{"href":"https:\/\/cfa.cabrio-freunde-augsburg.de\/index.php?rest_route=\/wp\/v2\/pages"}],"about":[{"href":"https:\/\/cfa.cabrio-freunde-augsburg.de\/index.php?rest_route=\/wp\/v2\/types\/page"}],"author":[{"embeddable":true,"href":"https:\/\/cfa.cabrio-freunde-augsburg.de\/index.php?rest_route=\/wp\/v2\/users\/1"}],"replies":[{"embeddable":true,"href":"https:\/\/cfa.cabrio-freunde-augsburg.de\/index.php?rest_route=%2Fwp%2Fv2%2Fcomments&post=1205"}],"version-history":[{"count":3,"href":"https:\/\/cfa.cabrio-freunde-augsburg.de\/index.php?rest_route=\/wp\/v2\/pages\/1205\/revisions"}],"predecessor-version":[{"id":1209,"href":"https:\/\/cfa.cabrio-freunde-augsburg.de\/index.php?rest_route=\/wp\/v2\/pages\/1205\/revisions\/1209"}],"wp:attachment":[{"href":"https:\/\/cfa.cabrio-freunde-augsburg.de\/index.php?rest_route=%2Fwp%2Fv2%2Fmedia&parent=1205"}],"curies":[{"name":"wp","href":"https:\/\/api.w.org\/{rel}","templated":true}]}}