{"id":1251,"date":"2016-04-10T12:39:46","date_gmt":"2016-04-10T12:39:46","guid":{"rendered":"http:\/\/cfa.cabrio-freunde-augsburg.de\/?page_id=1251"},"modified":"2016-04-10T21:52:18","modified_gmt":"2016-04-10T21:52:18","slug":"openingtour-2016","status":"publish","type":"page","link":"https:\/\/cfa.cabrio-freunde-augsburg.de\/?page_id=1251","title":{"rendered":"Openingtour 2016 &#8211; RRRReutlingrrr \u2013 eine Kulturreise nach T\u00fcbingen"},"content":{"rendered":"<p>RRRReutlingrrr \u2013 eine Kulturreise nach T\u00fcbingen.<br \/>\n\u00dcber nette Seitenstr\u00e4ssle ging es von Augburg ins schw\u00e4bische Baden-W\u00fcrttemberg<br \/>\nnach T\u00fcbingen. Unterwegs nahmen wir noch Eingeborene mit Ihren Boxer-Mobilen mit den alten 6-Zylinder Motoren auf (hi hi)<br \/>\nGemeinsam carvten wir durch die schw\u00e4bischen Engen, passten auf die vielen Radarfallen auf die auch im hintersten Dorf lauerten. Hier sieht man es wieder:<br \/>\nDie Schw\u00e4ble machen \u201eelles\u201c zu Geld, auch ein paar Stundenkilometerle.<\/p>\n<p>Es isch eufach l\u00e4schdig&#8230;<\/p>\n<p>Das Wetter war anfangs noch mit fast kaum sp\u00fcrbaren Wassertr\u00f6pfchen unterwegs.<br \/>\nAber nach einer kurzen Pause \u00f6ffneten sich die Verdecke. Geht schon.<br \/>\nKleine Nachwuchsfu\u00dfballer st\u00fcrzten sich beim Parken sogleich auf die Porsches.<br \/>\nFotos wurde geschossen. Die Zukunft braucht Visionen.<br \/>\nAuf die Frage, ob sich die Kerlchen da mal reinsetzen k\u00f6nnten, war sowohl akustisch als auch non-verbal von Klaus eindeutig ein unmissverst\u00e4ndliches \u201eNO\u201c zu vernehmen. Zusammengefasst etwa \u201eSelbscht kaufa, dann kannscht macha mit dem K\u00fcbl wasch willscht\u201c (oder so&#8230;).<br \/>\nUndank ist der V\u00e4ter Lohn: Als wir losfuhren, gaben die Boxter mal so richtig Gas.<br \/>\nDies ist ja bekanntlich nicht zu \u00fcberh\u00f6ren und bringt die Mundwinkel in eine freundliche Gr\u00fcbchen-Position.<br \/>\nDa sagt so ein Nachwuchskicker trocken:<br \/>\n\u201eAngeber\u201c. Kann nur der fr\u00fchkindliche Neid sein, weil das Fahrrad nur rasselt (oder es ist die Lunge&#8230;)<\/p>\n<p>Nun, T\u00fcbingen war nicht mehr weit. Erste Station \u201eDer Boxenstop\u201c. Ein privates, automobiles Museum mit allerlei wertvollen Sch\u00e4tzchen. Nach einem Buffet mit Kalorien f\u00fchrte uns die Tochter des Inhabers durch die einzelnen Stockwerke.<br \/>\nUnd wieder Porsches aber auch Ferrari, BMW, Jaguar und und und.<br \/>\nEs war beeindruckend. Auch die vielen Modellautos waren sehenswert.<br \/>\nGegen meine Modellautovitrine war das geradezu intergalaktisch. Meine Chefin blockt sogleich den Versuch ab, eine zweite Vitrine&#8230;na war ein Versuch wert.<\/p>\n<p>Dann kam ein absoluter H\u00f6hepunkt: Die Stadtf\u00fchrung. Nein, nicht einfach eine Stadtf\u00fchrung. Der Guide war nicht zu toppen. Statt m\u00fcde Jahreszahlen und irgendwelche historischen Pers\u00f6nlichkeiten zu verkn\u00fcpfen (die mir in der Regel bereits 60 Sekunden nach der Nennung schon wieder entfallen) Erz\u00e4hlte er Geschichten, die die Kultur, die Gewohnheiten der T\u00fcbinger auf die Schippe nahmen.<br \/>\nEs war zum Kringeln. Den guten Mann kann man auch auf die B\u00fchne stellen. Es wurde viel gelacht und gewundert. Gelernt habe ich z.B. ein sehr b\u00f6ses, regionales Schimpfwort: \u201eReutlinger\u201c. Das ist ohne rechtliche Konsequenzen anwendbar, hat aber eine sehr \u00fcble Bedeutung.<br \/>\nWir kamen an einer Frauenbuchhandlung vorbei. Ja, da d\u00fcrfen nur Frauen hinein. Wir R\u00fcden \u201em\u00fcssen drau\u00dfen bleiben\u201c. Da soll\u2019s mal ein Plakat gegeben haben:<br \/>\n\u201e Die Macht der Schw\u00e4nze hat ihre Grenze\u201c (oder so \u00e4hnlich). Die M\u00e4dels hat\u2019s gefreut. Die Jungs waren emp\u00f6rt.<\/p>\n<p>Es wurde auf jedenfall viel gelacht und gekichert. Noch nach der F\u00fchrung brachte die eine oder andere Story einen spontanen \u201eNachlacher\u201c.<br \/>\nAuf dem Neckar konnten wir eine Stocher-Kahnfahrt erleben. Beschaulich ging es mit Muskelkraft einmal auf, einmal ab. Etwas schaukelig aber stets sicher.<br \/>\nJochen fing einen verlorenen \u201eStocher-Stecken\u201c (wie immer die Stange auch hei\u00dft) ein. Ein Stocher-Kollege hatte das gute Teil stecken lassen&#8230;<br \/>\nMan ist ja nicht so.<\/p>\n<p>Das Hotel Krone belohnte uns f\u00fcr den sehr anstrengenden Tag mit einem leckeren<br \/>\nAbendessen. Nach einem \u00fcppigen Fr\u00fchst\u00fcck am n\u00e4chsten Morgen ging es wieder \u00fcber \u201eSeitenstr\u00e4ssle\u201c Richtung G\u00fcnzburg. Au a netts St\u00e4dtle.<br \/>\nEin Eisbecher bei mittelt\u00fcchtiger Sonne mit teilweise, k\u00fchlen Momenten beendete<br \/>\nden Tag. Individuell trat das nunmehr kleine Gr\u00fcppchen der Hardliner den R\u00fcckweg an.<\/p>\n<p>Sybille und Manfred: Vielen Dank f\u00fcr die tolle Organisation. Es war eine gelungene Mischung zwischen Kurven, Kultur und guten Gespr\u00e4chen.<\/p>\n<p>Susanne &amp; Niels<\/p>\n<p>PS: Mei Audole henn i nemme wasche kenna. Schdoad jez full Dreck in dr Garasch.<br \/>\nAbr, bin jo koi Schwob net.<\/p>\n<p>&nbsp;<\/p>\n<p>[nggallery id=11]<\/p>\n","protected":false},"excerpt":{"rendered":"<p>RRRReutlingrrr \u2013 eine Kulturreise nach T\u00fcbingen. \u00dcber nette Seitenstr\u00e4ssle ging es von Augburg ins schw\u00e4bische Baden-W\u00fcrttemberg nach T\u00fcbingen. Unterwegs nahmen wir noch Eingeborene mit Ihren Boxer-Mobilen mit den alten 6-Zylinder Motoren auf (hi hi) Gemeinsam carvten wir durch die schw\u00e4bischen &hellip; <a href=\"https:\/\/cfa.cabrio-freunde-augsburg.de\/?page_id=1251\">Weiterlesen <span class=\"meta-nav\">&rarr;<\/span><\/a><\/p>\n","protected":false},"author":1,"featured_media":0,"parent":0,"menu_order":0,"comment_status":"closed","ping_status":"closed","template":"","meta":{"footnotes":""},"class_list":["post-1251","page","type-page","status-publish","hentry"],"_links":{"self":[{"href":"https:\/\/cfa.cabrio-freunde-augsburg.de\/index.php?rest_route=\/wp\/v2\/pages\/1251","targetHints":{"allow":["GET"]}}],"collection":[{"href":"https:\/\/cfa.cabrio-freunde-augsburg.de\/index.php?rest_route=\/wp\/v2\/pages"}],"about":[{"href":"https:\/\/cfa.cabrio-freunde-augsburg.de\/index.php?rest_route=\/wp\/v2\/types\/page"}],"author":[{"embeddable":true,"href":"https:\/\/cfa.cabrio-freunde-augsburg.de\/index.php?rest_route=\/wp\/v2\/users\/1"}],"replies":[{"embeddable":true,"href":"https:\/\/cfa.cabrio-freunde-augsburg.de\/index.php?rest_route=%2Fwp%2Fv2%2Fcomments&post=1251"}],"version-history":[{"count":5,"href":"https:\/\/cfa.cabrio-freunde-augsburg.de\/index.php?rest_route=\/wp\/v2\/pages\/1251\/revisions"}],"predecessor-version":[{"id":1358,"href":"https:\/\/cfa.cabrio-freunde-augsburg.de\/index.php?rest_route=\/wp\/v2\/pages\/1251\/revisions\/1358"}],"wp:attachment":[{"href":"https:\/\/cfa.cabrio-freunde-augsburg.de\/index.php?rest_route=%2Fwp%2Fv2%2Fmedia&parent=1251"}],"curies":[{"name":"wp","href":"https:\/\/api.w.org\/{rel}","templated":true}]}}