{"id":1594,"date":"2016-05-22T07:35:49","date_gmt":"2016-05-22T07:35:49","guid":{"rendered":"http:\/\/cfa.cabrio-freunde-augsburg.de\/?page_id=1594"},"modified":"2016-05-23T05:39:23","modified_gmt":"2016-05-23T05:39:23","slug":"2016-barcelona","status":"publish","type":"page","link":"https:\/\/cfa.cabrio-freunde-augsburg.de\/?page_id=1594","title":{"rendered":"2016 &#8211; Spanien &#8211; Eine Weinreise ins Priorat"},"content":{"rendered":"<p>Hier als erstes ein ganz dickes, gro\u00dfes Dankesch\u00f6n an Elena und J\u00fcrgen f\u00fcr die Planung und die perfekte Organisation der Tour. <\/p>\n<p>Treffen und damit der eigentliche Tourbeginn war Freitag der 13.te in Cal Porrer\u00e1 im gleichnamigen Hotel. Heike und Jochen sowie Susanne und Niels zogen es vor mit dem eigenen Auto von Deutschland aus anzureisen. Sybille und Manfred sowie Kirsten und ich w\u00e4hlten die Variante Flugzeug und Mietwagen. Das er\u00f6ffnete den beiden Damen noch einen kleinen Prosecco-Umtrunk im Flughafen vor dem Abflug. <\/p>\n<p>So trafen wir uns dann alle im Hotel Cal Porrer\u00e1 zum ersten Abendmahl. Sp\u00e4testens jetzt war klar, dass es sich nicht um eine Cabriotour im klassischen Sinne handelt sondern mehr um einen Genu\u00df-Ausflug mit Cabrioausfahrten werden wird. So wurden wir am Samstag Morgen von unserem Guide Josep abgeholt und fuhren durch pittoreske Landschaften des Priorat zum Kloster Scaladei. Es handelt sich um eine mittelalterliche Klosteranlage. Zun\u00e4chst war eine Wanderung in den H\u00fcgeln um das Kloster herum angesagt und anschliessend die Besichtigung der Anlage.<\/p>\n<p>Nach dem Kloster ging es weiter zu einer Oliven\u00f6l-Kellerei. Wir wurde mit Jeeps durch die Haine gefahren und anschlie\u00dfend gab es eine \u00d6lprobe mit Mittagessen. Susanne und Niels Auto musste als Lastenesel herhalten um die ganzen \u00d6leink\u00e4ufe wieder nach Deutschland zu bringen.  <\/p>\n<p>Zum Hotel zur\u00fcck f\u00fchrte uns Josep durch einzigartige Panoramen. Dort gab es nur eine kurze Verschnaufpause, dann holte uns ein Taxi ab um uns zum n\u00e4chsten Weingut zu bringen. In der \u00d6ko-Kellerei Burgos-Porta konnte wir die Weinfelder besichtigen und uns erkl\u00e4ren lassen, was den Wein des Priorat so einzigartig macht. Nat\u00fcrlich durfte die obligatorische Weinprobe nicht fehlen, was Susannes und Niels\u2019s Wagen weiter belastete. Das anschlie\u00dfende Abendessen in Popoleda war (und das ist bereits untertrieben) einfach nur der absolute Hammer. Das alleine w\u00fcrde schon die nahezu 1.500 km Anfahrt rechtfertigen.<\/p>\n<p><a href=\"http:\/\/cfa.cabrio-freunde-augsburg.de\/wp-content\/uploads\/2016\/05\/IMG_0026.jpg\"><img loading=\"lazy\" decoding=\"async\" src=\"http:\/\/cfa.cabrio-freunde-augsburg.de\/wp-content\/uploads\/2016\/05\/IMG_0026-300x225.jpg\" alt=\"IMG_0026\" width=\"300\" height=\"225\" class=\"alignleft size-medium wp-image-1599\" srcset=\"https:\/\/cfa.cabrio-freunde-augsburg.de\/wp-content\/uploads\/2016\/05\/IMG_0026-300x225.jpg 300w, https:\/\/cfa.cabrio-freunde-augsburg.de\/wp-content\/uploads\/2016\/05\/IMG_0026-768x576.jpg 768w, https:\/\/cfa.cabrio-freunde-augsburg.de\/wp-content\/uploads\/2016\/05\/IMG_0026-1024x768.jpg 1024w\" sizes=\"auto, (max-width: 300px) 100vw, 300px\" \/><\/a><\/p>\n<p>Positiv ersch\u00f6pft von den vielen Eindr\u00fccken des Tages verbrachten wir die zweite Nacht in den urigen Zimmern des Hotels Cal Porrer\u00e1.<\/p>\n<p>Am n\u00e4chsten Morgen erwartete uns unser Guide nochmals um uns wieder die sch\u00f6nen Landschaften der Priorat Region zu zeigen. Diesmal folgte wieder eine l\u00e4ngere Wanderung zu einem kleinen Weingut. Die Weinprobe der auserlesenen Weinen wurde abgerundet durch ein Picknick in den Weinbergen. Nach der Wanderung zur\u00fcck zu den Cabrios verabschiedete sich unser geduldiger Guide und wir fuhren, nochmals die Panoramen des Priorat geniessend zur K\u00fcstenstadt Sitges wo wir im Hotel Capri erwartet wurden. Es gab noch einen Zwischenstop in dem (noch bewirtschafteten) Kloster Poblet mit einer ausgiebigen Besichtigung. Abends in Sitges gab es schon wieder ein au\u00dferordentlich k\u00f6stliches Abendessen in einem kleinen Restaurant in der Altstadt. Sp\u00e4testen da hatte der Cava dem Prosecco bei den Damen den Rang abgelaufen.<\/p>\n<p>Der n\u00e4chste Tag f\u00fchrte uns dann nach und durch Barcelona entlang der Costa Brava. Die K\u00fcstenstrasse schl\u00e4ngelt sich an den Buchten vorbei und bot stets gigantische Ausblicke. Gegen Mittag dann schon wieder das n\u00e4chste kulinarische Highlight &#8211; Cava, hervorragende Gambas und eine Paella am Hafen. Schlie\u00dflich folgten wir, voll gegessen der weiteren K\u00fcstenstrasse \u00fcber Emp\u00faries nach Roses wo wir im Hotel Canyelles zur \u00dcbernachtung erwartet wurden. Das Abendessen mussten wir uns diesmal verdienen in dem wir vom Hotel aus eine etwa 1-st\u00fcndige Wanderung am Meer und am Hafen entlang zum Restaurant unternahmen. Wie sollte es auch anders ein, auch dieses Abendessen w\u00e4re schon wieder die ganze Reise wert gewesen. Ein paar Unerschrockene haben sich dann zu Fu\u00df auf den R\u00fcckweg gemacht, die Mehrheit hat aber die Fahrt im Taxi vorgezogen.<\/p>\n<p><a href=\"http:\/\/cfa.cabrio-freunde-augsburg.de\/wp-content\/uploads\/2016\/05\/IMG_0028.jpg\"><img loading=\"lazy\" decoding=\"async\" src=\"http:\/\/cfa.cabrio-freunde-augsburg.de\/wp-content\/uploads\/2016\/05\/IMG_0028-300x225.jpg\" alt=\"IMG_0028\" width=\"300\" height=\"225\" class=\"alignleft size-medium wp-image-1602\" srcset=\"https:\/\/cfa.cabrio-freunde-augsburg.de\/wp-content\/uploads\/2016\/05\/IMG_0028-300x225.jpg 300w, https:\/\/cfa.cabrio-freunde-augsburg.de\/wp-content\/uploads\/2016\/05\/IMG_0028-768x576.jpg 768w, https:\/\/cfa.cabrio-freunde-augsburg.de\/wp-content\/uploads\/2016\/05\/IMG_0028-1024x768.jpg 1024w\" sizes=\"auto, (max-width: 300px) 100vw, 300px\" \/><\/a><\/p>\n<p>Damit endete die offizielle Cabriotour, denn am Dienstag morgen trennten sich leider wieder die Wege. Susanne und Niels sowie Heike und Jochen traten wieder den Heimweg mit dem Auto an. Sybille und Manfred durften noch ein wenig die Ferienzeit ausnutzen und blieben noch vor Ort. Elena und J\u00fcrgen mussten auch wieder nach Hause, da die Arbeit ruft. Kirsten und ich haben uns noch die Ruinen von Emp\u00faries angesehen, bevor wir unseren kleinen Mini wieder abgeben mussten und uns der Flieger wieder nach Hause brachte.<\/p>\n<p>Alles in allem kann man nur sagen: Was f\u00fcr intensive, harmonische und sch\u00f6ne Tage mit tollen Panoramafahrten und hervorragendem spanischen Essen und Trinken!!!<\/p>\n<p>Liebe Elena, lieber J\u00fcrgen ein herzliches Dankesch\u00f6n von allen CFA-lern f\u00fcr dieses wundervolle Erlebnis. Ich hoffe, wir k\u00f6nnen uns ein mal revanchieren und ihr kommt auf einer Rundfahrt in Deutschland mit.<\/p>\n<p>Viel Spass auch beim Betrachten der Bilder. <\/p>\n<p>Roland und Kirsten<\/p>\n<p>Fazit der Reise ist und bleibt: Die Rente ist sicher.<\/p>\n<p>[nggallery id=12]<\/p>\n","protected":false},"excerpt":{"rendered":"<p>Hier als erstes ein ganz dickes, gro\u00dfes Dankesch\u00f6n an Elena und J\u00fcrgen f\u00fcr die Planung und die perfekte Organisation der Tour. Treffen und damit der eigentliche Tourbeginn war Freitag der 13.te in Cal Porrer\u00e1 im gleichnamigen Hotel. Heike und Jochen &hellip; <a href=\"https:\/\/cfa.cabrio-freunde-augsburg.de\/?page_id=1594\">Weiterlesen <span class=\"meta-nav\">&rarr;<\/span><\/a><\/p>\n","protected":false},"author":1,"featured_media":0,"parent":0,"menu_order":0,"comment_status":"closed","ping_status":"closed","template":"","meta":{"footnotes":""},"class_list":["post-1594","page","type-page","status-publish","hentry"],"_links":{"self":[{"href":"https:\/\/cfa.cabrio-freunde-augsburg.de\/index.php?rest_route=\/wp\/v2\/pages\/1594","targetHints":{"allow":["GET"]}}],"collection":[{"href":"https:\/\/cfa.cabrio-freunde-augsburg.de\/index.php?rest_route=\/wp\/v2\/pages"}],"about":[{"href":"https:\/\/cfa.cabrio-freunde-augsburg.de\/index.php?rest_route=\/wp\/v2\/types\/page"}],"author":[{"embeddable":true,"href":"https:\/\/cfa.cabrio-freunde-augsburg.de\/index.php?rest_route=\/wp\/v2\/users\/1"}],"replies":[{"embeddable":true,"href":"https:\/\/cfa.cabrio-freunde-augsburg.de\/index.php?rest_route=%2Fwp%2Fv2%2Fcomments&post=1594"}],"version-history":[{"count":8,"href":"https:\/\/cfa.cabrio-freunde-augsburg.de\/index.php?rest_route=\/wp\/v2\/pages\/1594\/revisions"}],"predecessor-version":[{"id":1613,"href":"https:\/\/cfa.cabrio-freunde-augsburg.de\/index.php?rest_route=\/wp\/v2\/pages\/1594\/revisions\/1613"}],"wp:attachment":[{"href":"https:\/\/cfa.cabrio-freunde-augsburg.de\/index.php?rest_route=%2Fwp%2Fv2%2Fmedia&parent=1594"}],"curies":[{"name":"wp","href":"https:\/\/api.w.org\/{rel}","templated":true}]}}

<p>Hier als erstes ein ganz dickes, großes Dankeschön an Elena und Jürgen für die Planung und die perfekte Organisation der Tour. </p>
<p>Treffen und damit der eigentliche Tourbeginn war Freitag der 13.te in Cal Porrerá im gleichnamigen Hotel. Heike und Jochen sowie Susanne und Niels zogen es vor mit dem eigenen Auto von Deutschland aus anzureisen. Sybille und Manfred sowie Kirsten und ich wählten die Variante Flugzeug und Mietwagen. Das eröffnete den beiden Damen noch einen kleinen Prosecco-Umtrunk im Flughafen vor dem Abflug. </p>
<p>So trafen wir uns dann alle im Hotel Cal Porrerá zum ersten Abendmahl. Spätestens jetzt war klar, dass es sich nicht um eine Cabriotour im klassischen Sinne handelt sondern mehr um einen Genuß-Ausflug mit Cabrioausfahrten werden wird. So wurden wir am Samstag Morgen von unserem Guide Josep abgeholt und fuhren durch pittoreske Landschaften des Priorat zum Kloster Scaladei. Es handelt sich um eine mittelalterliche Klosteranlage. Zunächst war eine Wanderung in den Hügeln um das Kloster herum angesagt und anschliessend die Besichtigung der Anlage.</p>
<p>Nach dem Kloster ging es weiter zu einer Olivenöl-Kellerei. Wir wurde mit Jeeps durch die Haine gefahren und anschließend gab es eine Ölprobe mit Mittagessen. Susanne und Niels Auto musste als Lastenesel herhalten um die ganzen Öleinkäufe wieder nach Deutschland zu bringen.  </p>
<p>Zum Hotel zurück führte uns Josep durch einzigartige Panoramen. Dort gab es nur eine kurze Verschnaufpause, dann holte uns ein Taxi ab um uns zum nächsten Weingut zu bringen. In der Öko-Kellerei Burgos-Porta konnte wir die Weinfelder besichtigen und uns erklären lassen, was den Wein des Priorat so einzigartig macht. Natürlich durfte die obligatorische Weinprobe nicht fehlen, was Susannes und Niels’s Wagen weiter belastete. Das anschließende Abendessen in Popoleda war (und das ist bereits untertrieben) einfach nur der absolute Hammer. Das alleine würde schon die nahezu 1.500 km Anfahrt rechtfertigen.</p>
<p><a href="http://cfa.cabrio-freunde-augsburg.de/wp-content/uploads/2016/05/IMG_0026.jpg"><img loading="lazy" decoding="async" src="http://cfa.cabrio-freunde-augsburg.de/wp-content/uploads/2016/05/IMG_0026-300x225.jpg" alt="IMG_0026" width="300" height="225" class="alignleft size-medium wp-image-1599" srcset="https://cfa.cabrio-freunde-augsburg.de/wp-content/uploads/2016/05/IMG_0026-300x225.jpg 300w, https://cfa.cabrio-freunde-augsburg.de/wp-content/uploads/2016/05/IMG_0026-768x576.jpg 768w, https://cfa.cabrio-freunde-augsburg.de/wp-content/uploads/2016/05/IMG_0026-1024x768.jpg 1024w" sizes="auto, (max-width: 300px) 100vw, 300px" /></a></p>
<p>Positiv erschöpft von den vielen Eindrücken des Tages verbrachten wir die zweite Nacht in den urigen Zimmern des Hotels Cal Porrerá.</p>
<p>Am nächsten Morgen erwartete uns unser Guide nochmals um uns wieder die schönen Landschaften der Priorat Region zu zeigen. Diesmal folgte wieder eine längere Wanderung zu einem kleinen Weingut. Die Weinprobe der auserlesenen Weinen wurde abgerundet durch ein Picknick in den Weinbergen. Nach der Wanderung zurück zu den Cabrios verabschiedete sich unser geduldiger Guide und wir fuhren, nochmals die Panoramen des Priorat geniessend zur Küstenstadt Sitges wo wir im Hotel Capri erwartet wurden. Es gab noch einen Zwischenstop in dem (noch bewirtschafteten) Kloster Poblet mit einer ausgiebigen Besichtigung. Abends in Sitges gab es schon wieder ein außerordentlich köstliches Abendessen in einem kleinen Restaurant in der Altstadt. Spätesten da hatte der Cava dem Prosecco bei den Damen den Rang abgelaufen.</p>
<p>Der nächste Tag führte uns dann nach und durch Barcelona entlang der Costa Brava. Die Küstenstrasse schlängelt sich an den Buchten vorbei und bot stets gigantische Ausblicke. Gegen Mittag dann schon wieder das nächste kulinarische Highlight &#8211; Cava, hervorragende Gambas und eine Paella am Hafen. Schließlich folgten wir, voll gegessen der weiteren Küstenstrasse über Empúries nach Roses wo wir im Hotel Canyelles zur Übernachtung erwartet wurden. Das Abendessen mussten wir uns diesmal verdienen in dem wir vom Hotel aus eine etwa 1-stündige Wanderung am Meer und am Hafen entlang zum Restaurant unternahmen. Wie sollte es auch anders ein, auch dieses Abendessen wäre schon wieder die ganze Reise wert gewesen. Ein paar Unerschrockene haben sich dann zu Fuß auf den Rückweg gemacht, die Mehrheit hat aber die Fahrt im Taxi vorgezogen.</p>
<p><a href="http://cfa.cabrio-freunde-augsburg.de/wp-content/uploads/2016/05/IMG_0028.jpg"><img loading="lazy" decoding="async" src="http://cfa.cabrio-freunde-augsburg.de/wp-content/uploads/2016/05/IMG_0028-300x225.jpg" alt="IMG_0028" width="300" height="225" class="alignleft size-medium wp-image-1602" srcset="https://cfa.cabrio-freunde-augsburg.de/wp-content/uploads/2016/05/IMG_0028-300x225.jpg 300w, https://cfa.cabrio-freunde-augsburg.de/wp-content/uploads/2016/05/IMG_0028-768x576.jpg 768w, https://cfa.cabrio-freunde-augsburg.de/wp-content/uploads/2016/05/IMG_0028-1024x768.jpg 1024w" sizes="auto, (max-width: 300px) 100vw, 300px" /></a></p>
<p>Damit endete die offizielle Cabriotour, denn am Dienstag morgen trennten sich leider wieder die Wege. Susanne und Niels sowie Heike und Jochen traten wieder den Heimweg mit dem Auto an. Sybille und Manfred durften noch ein wenig die Ferienzeit ausnutzen und blieben noch vor Ort. Elena und Jürgen mussten auch wieder nach Hause, da die Arbeit ruft. Kirsten und ich haben uns noch die Ruinen von Empúries angesehen, bevor wir unseren kleinen Mini wieder abgeben mussten und uns der Flieger wieder nach Hause brachte.</p>
<p>Alles in allem kann man nur sagen: Was für intensive, harmonische und schöne Tage mit tollen Panoramafahrten und hervorragendem spanischen Essen und Trinken!!!</p>
<p>Liebe Elena, lieber Jürgen ein herzliches Dankeschön von allen CFA-lern für dieses wundervolle Erlebnis. Ich hoffe, wir können uns ein mal revanchieren und ihr kommt auf einer Rundfahrt in Deutschland mit.</p>
<p>Viel Spass auch beim Betrachten der Bilder. </p>
<p>Roland und Kirsten</p>
<p>Fazit der Reise ist und bleibt: Die Rente ist sicher.</p>
<p>[nggallery id=12]</p>

<p>Hier als erstes ein ganz dickes, großes Dankeschön an Elena und Jürgen für die Planung und die perfekte Organisation der Tour. Treffen und damit der eigentliche Tourbeginn war Freitag der 13.te in Cal Porrerá im gleichnamigen Hotel. Heike und Jochen &hellip; <a href="https://cfa.cabrio-freunde-augsburg.de/?page_id=1594">Weiterlesen <span class="meta-nav">&rarr;</span></a></p>
