{"id":2498,"date":"2017-07-24T18:20:10","date_gmt":"2017-07-24T18:20:10","guid":{"rendered":"http:\/\/cfa.cabrio-freunde-augsburg.de\/?page_id=2498"},"modified":"2017-07-31T14:58:05","modified_gmt":"2017-07-31T14:58:05","slug":"odenwald-tour-2017","status":"publish","type":"page","link":"https:\/\/cfa.cabrio-freunde-augsburg.de\/?page_id=2498","title":{"rendered":"Odenwald Tour 2017"},"content":{"rendered":"<p>Vielen Dank erst einmal an Niels und Susanne f\u00fcr die Organisation der Tour in den sch\u00f6nen Odenwald. Eine Gegend, die man nicht unbedingt als Urlaubsziel w\u00e4hlt !<\/p>\n<p>Aber alle wurden eines Besseren belehrt. Die Gegend war sehr reizvoll.<br \/>\nF\u00fcr Niels war das aber keine \u00dcberraschung, da es ja seine urspr\u00fcngliche Heimat war, in der er aufgewachsen ist. Als Jugendlicher hat er hier bestimmt die Gegend unsicher gemacht und seine ersten Erfahrungen mit M\u00e4dels und Autos sammeln k\u00f6nnen.<\/p>\n<p>Auf jeden Fall war es eine wundervolle Tour weil einfach alles passte.<br \/>\nDas sch\u00f6ne Hotel mit romantischer Abendstimmung und Livemusik im Hotelgarten bis Mitternacht, einem kulinarischem Abendessen und netter Unterhaltung.<\/p>\n<p>Am n\u00e4chsten Tag stand dann eine Stadtf\u00fchrung in Darmstadt auf dem Programm. Stadtf\u00fchrer Niels zeigte hier seine gro\u00dfen F\u00e4higkeiten auch als Stadtf\u00fchrer. Alles wurde profihaft vorgetragen.<\/p>\n<p>Aber dann ging\u00b4s los, wir starteten unsere Cabrios, \u00f6ffneten das Verdeck und schl\u00e4ngelten uns durchs wundersch\u00f6ne Hinterland von Darmstadt, auf teilweise kleinen wundervollen kurvenreichen Str\u00e4\u00dfchen.<\/p>\n<p>Auf dem R\u00fcckweg legten wir dann noch einen Stopp in Heidelberg ein, bevor wir endg\u00fcltig den Heimweg antraten.<\/p>\n<p>Alles in allem ein wundervoller 3 Tagestripp<br \/>\nDanke nochmals an Niels und Susanne.<\/p>\n<p>Manfred<\/p>\n<p>[ngg_images source=&#8220;galleries&#8220; container_ids=&#8220;16&#8243; display_type=&#8220;photocrati-nextgen_basic_thumbnails&#8220; override_thumbnail_settings=&#8220;0&#8243; thumbnail_width=&#8220;120&#8243; thumbnail_height=&#8220;90&#8243; thumbnail_crop=&#8220;1&#8243; images_per_page=&#8220;20&#8243; number_of_columns=&#8220;0&#8243; ajax_pagination=&#8220;0&#8243; show_all_in_lightbox=&#8220;0&#8243; use_imagebrowser_effect=&#8220;0&#8243; show_slideshow_link=&#8220;1&#8243; slideshow_link_text=&#8220;&#91;Show slideshow&#93;&#8220; order_by=&#8220;sortorder&#8220; order_direction=&#8220;ASC&#8220; returns=&#8220;included&#8220; maximum_entity_count=&#8220;500&#8243;]<\/p>\n","protected":false},"excerpt":{"rendered":"<p>Vielen Dank erst einmal an Niels und Susanne f\u00fcr die Organisation der Tour in den sch\u00f6nen Odenwald. Eine Gegend, die man nicht unbedingt als Urlaubsziel w\u00e4hlt ! Aber alle wurden eines Besseren belehrt. Die Gegend war sehr reizvoll. F\u00fcr Niels &hellip; <a href=\"https:\/\/cfa.cabrio-freunde-augsburg.de\/?page_id=2498\">Weiterlesen <span class=\"meta-nav\">&rarr;<\/span><\/a><\/p>\n","protected":false},"author":2,"featured_media":0,"parent":0,"menu_order":0,"comment_status":"closed","ping_status":"closed","template":"","meta":{"footnotes":""},"class_list":["post-2498","page","type-page","status-publish","hentry"],"_links":{"self":[{"href":"https:\/\/cfa.cabrio-freunde-augsburg.de\/index.php?rest_route=\/wp\/v2\/pages\/2498","targetHints":{"allow":["GET"]}}],"collection":[{"href":"https:\/\/cfa.cabrio-freunde-augsburg.de\/index.php?rest_route=\/wp\/v2\/pages"}],"about":[{"href":"https:\/\/cfa.cabrio-freunde-augsburg.de\/index.php?rest_route=\/wp\/v2\/types\/page"}],"author":[{"embeddable":true,"href":"https:\/\/cfa.cabrio-freunde-augsburg.de\/index.php?rest_route=\/wp\/v2\/users\/2"}],"replies":[{"embeddable":true,"href":"https:\/\/cfa.cabrio-freunde-augsburg.de\/index.php?rest_route=%2Fwp%2Fv2%2Fcomments&post=2498"}],"version-history":[{"count":2,"href":"https:\/\/cfa.cabrio-freunde-augsburg.de\/index.php?rest_route=\/wp\/v2\/pages\/2498\/revisions"}],"predecessor-version":[{"id":2503,"href":"https:\/\/cfa.cabrio-freunde-augsburg.de\/index.php?rest_route=\/wp\/v2\/pages\/2498\/revisions\/2503"}],"wp:attachment":[{"href":"https:\/\/cfa.cabrio-freunde-augsburg.de\/index.php?rest_route=%2Fwp%2Fv2%2Fmedia&parent=2498"}],"curies":[{"name":"wp","href":"https:\/\/api.w.org\/{rel}","templated":true}]}}