{"id":3033,"date":"2019-04-28T14:19:16","date_gmt":"2019-04-28T14:19:16","guid":{"rendered":"https:\/\/cfa.cabrio-freunde-augsburg.de\/?page_id=3033"},"modified":"2019-04-28T14:30:30","modified_gmt":"2019-04-28T14:30:30","slug":"wer-traut-sich-opening-tour-2019","status":"publish","type":"page","link":"https:\/\/cfa.cabrio-freunde-augsburg.de\/?page_id=3033","title":{"rendered":"Wer traut sich &#8211; Opening Tour 2019"},"content":{"rendered":"\n<p>Diese Tour war f\u00fcr schwindelfreie Cabrio-Fahrer geplant.<\/p>\n\n\n\n<p>Diesmal in gro\u00dfer Runde. Sechs Cabrios nutzen das gute Wetter. F\u00fcr ein neues MINI Cabrio war es die Jungfernfahrt.&nbsp;<\/p>\n\n\n\n<p>Wir starteten p\u00fcnktlich bei Roland und Kirsten.&nbsp;<\/p>\n\n\n\n<p>Auf kurvigen Nebenstra\u00dfen steuerten wir die K\u00e4serei Weizern an. Als fr\u00fches Mittagessen bzw. sp\u00e4tes Fr\u00fchst\u00fcck wurde eine Portion K\u00e4sspatzen gew\u00e4hlt. Best\u00fcckt mit der wohlriechenden Speise sa\u00dfen wir unter freiem Himmel und genossen das Essen, die Sonne und den Ausblick.<\/p>\n\n\n\n<p>Eigentlich hatten wir eine gem\u00fctliche \u201eSchwere\u201c. Aber der n\u00e4chste Termin wartete.<\/p>\n\n\n\n<p>\u00dcber weitere Nebenstra\u00dfen mit kaum Verkehr f\u00fchrte uns der Weg nach Oberstdorf.<\/p>\n\n\n\n<p>Genauer zur Skiflugschanze. Die kompetente F\u00fchrung erkl\u00e4rte uns den Unterschied zur Skisprungschanze. In einem solchen Bauwerk stecken eine Menge Details. Die Truppe h\u00f6rte interessiert zu. Nach dem Blick von unten nach oben stand die Fahrt noch oben an.<\/p>\n\n\n\n<p>Der Schr\u00e4gaufzug fuhr uns und die K\u00e4sspatzen himmelw\u00e4rts.<\/p>\n\n\n\n<p>Zun\u00e4chst gelangte man auf eine rundum verglaste Fl\u00e4che. Der Ausblick war schon mal beeindruckend.<\/p>\n\n\n\n<p>Richtig \u201efrei\u201c wurde es nach ein paar Treppenstufen nach au\u00dfen. Hier konnten wir auf zwei Ebenen ohne Dach und teilweise gl\u00e4sernen Barrieren richtig Skiflug schnuppern.<\/p>\n\n\n\n<p>Der Blick hinunter zum Schanzentisch war schon sehr respektvoll.<\/p>\n\n\n\n<p>Nein, nicht f\u00fcr Geld und gute Worte. Das muss schon heftig sein. Starkes Gef\u00e4lle, dann der Tisch zum Absprung, dann der Flug. Das m\u00fcsste schon funktionieren. Aber die Landung. Da waren wir uns einig: Die Landung w\u00fcrden wir dann gerne nicht buchen. Dies wird wohl eher eine harte Nummer&#8230;<\/p>\n\n\n\n<p>Von hier oben war der Rundumblick einfach toll. Der Guide erkl\u00e4rte uns die Berge (die zumindest ich nicht wiederholen kann \u2013 setzten sechs) An das H\u00f6rnle kann ich mich noch erinnern&#8230;<\/p>\n\n\n\n<p>Kann das sein, dass das hier etwas wackelt? Klar muss ja wackeln k\u00f6nnen, sonst brichts ab. Aha \u2013 hat\u2019s jetzt ein klitzekleines bisschen geschwankt? Nein, ja?<\/p>\n\n\n\n<p>Naja. Vor dem R\u00fcckzug noch ein letzter Blick die Schanze hinunter. Voller Andacht<\/p>\n\n\n\n<p>zw\u00e4ngten wir uns wieder in den Schr\u00e4gaufzug.<\/p>\n\n\n\n<p>Unten angekommen, sahen wir uns alte Bilder von den Fliegern an. Dass das mit diesem Ski- und Bildungsmaterial damals gut funktionierte ist schon erstaunlich.<\/p>\n\n\n\n<p>Die Schanze mit ihren massivem freischwebenden \u00dcberhang ist auch ein Blick wert.<\/p>\n\n\n\n<p>Mit (nur) vier Ankern in massivem Fels h\u00e4lt das Bauwerk und kippt nicht um. Hoffentlich vergessen die Anker nicht, welche Verantwortung sie haben.<\/p>\n\n\n\n<p>Die n\u00e4chste Anfahrt war von kurzer Dauer. Kaiserschmarrn bei der Alpe Dornach<\/p>\n\n\n\n<p>mit traumhafter Aussicht lie\u00df den Tag langsam auslaufen. Wir lie\u00dfen alles nochmal&nbsp;<\/p>\n\n\n\n<p>an uns vorbeiziehen. Die Schanze war der Kn\u00fcller des Tages.<\/p>\n\n\n\n<p>Die Heimfahrt erfolgte nach freier Wahl.<\/p>\n\n\n\n<p>Vielen Dank an Roland und Kirsten f\u00fcr die Planung. Es war wieder ein toller Tagesausflug. Die Zylinder konnten sich austoben. Scheeee wars.<\/p>\n\n\n\n<p>Susanne und Niels<\/p>\n","protected":false},"excerpt":{"rendered":"<p>Diese Tour war f\u00fcr schwindelfreie Cabrio-Fahrer geplant. Diesmal in gro\u00dfer Runde. Sechs Cabrios nutzen das gute Wetter. F\u00fcr ein neues MINI Cabrio war es die Jungfernfahrt.&nbsp; Wir starteten p\u00fcnktlich bei Roland und Kirsten.&nbsp; Auf kurvigen Nebenstra\u00dfen steuerten wir die K\u00e4serei &hellip; <a href=\"https:\/\/cfa.cabrio-freunde-augsburg.de\/?page_id=3033\">Weiterlesen <span class=\"meta-nav\">&rarr;<\/span><\/a><\/p>\n","protected":false},"author":7,"featured_media":0,"parent":0,"menu_order":0,"comment_status":"closed","ping_status":"closed","template":"","meta":{"footnotes":""},"class_list":["post-3033","page","type-page","status-publish","hentry"],"_links":{"self":[{"href":"https:\/\/cfa.cabrio-freunde-augsburg.de\/index.php?rest_route=\/wp\/v2\/pages\/3033","targetHints":{"allow":["GET"]}}],"collection":[{"href":"https:\/\/cfa.cabrio-freunde-augsburg.de\/index.php?rest_route=\/wp\/v2\/pages"}],"about":[{"href":"https:\/\/cfa.cabrio-freunde-augsburg.de\/index.php?rest_route=\/wp\/v2\/types\/page"}],"author":[{"embeddable":true,"href":"https:\/\/cfa.cabrio-freunde-augsburg.de\/index.php?rest_route=\/wp\/v2\/users\/7"}],"replies":[{"embeddable":true,"href":"https:\/\/cfa.cabrio-freunde-augsburg.de\/index.php?rest_route=%2Fwp%2Fv2%2Fcomments&post=3033"}],"version-history":[{"count":2,"href":"https:\/\/cfa.cabrio-freunde-augsburg.de\/index.php?rest_route=\/wp\/v2\/pages\/3033\/revisions"}],"predecessor-version":[{"id":3042,"href":"https:\/\/cfa.cabrio-freunde-augsburg.de\/index.php?rest_route=\/wp\/v2\/pages\/3033\/revisions\/3042"}],"wp:attachment":[{"href":"https:\/\/cfa.cabrio-freunde-augsburg.de\/index.php?rest_route=%2Fwp%2Fv2%2Fmedia&parent=3033"}],"curies":[{"name":"wp","href":"https:\/\/api.w.org\/{rel}","templated":true}]}}