{"id":3043,"date":"2019-05-19T10:29:57","date_gmt":"2019-05-19T10:29:57","guid":{"rendered":"https:\/\/cfa.cabrio-freunde-augsburg.de\/?page_id=3043"},"modified":"2019-05-19T10:40:15","modified_gmt":"2019-05-19T10:40:15","slug":"spontan-ausfahrt-bamberg","status":"publish","type":"page","link":"https:\/\/cfa.cabrio-freunde-augsburg.de\/?page_id=3043","title":{"rendered":"Spontan-Ausfahrt Bamberg"},"content":{"rendered":"\n<p>Ganz spontan riefen Susanne und Niels zu einem Tagesausflug nach Bamberg auf. Infolge der Kurzfristigkeit kamen letztendlich nur noch Kirsten und Roland Roland mit dazu. Eine \u00fcberschaubare Gruppe der Cabriofreunde.&nbsp;<\/p>\n\n\n<p>[nggallery id=19]<\/p>\n\n\n\n<p>Treffen war um 9:00 bei Susanne und Niels zu Hause. Standesgem\u00e4\u00df wurden wir mit Butterbrezen und Cappuccino begr\u00fc\u00dft. Wir hatten ja den ganzen Tag Zeit und uns erwartete nur eine Stadtf\u00fchrung durch Bamberg um 14:00. Die Sonne schien und es versprach ein wirklich sch\u00f6ner Tag zu werden.<\/p>\n\n\n\n<p>So starteten wir als erstes durch das Ries um uns in Richtung Altm\u00fchl voran zu arbeiten. Kurz vor Wei\u00dfenburg kam dann die Erkenntnis: Wenn wir jetzt so weiter fahren, dann wird das nichts mit der Stadtf\u00fchrung. Also kurzerhand auf die direkte Verbindung um auf die Schnelle ein paar Kilometer hinter uns zu bringen.&nbsp;<\/p>\n\n\n\n<p>Nach N\u00fcrnberg ging es dann wieder abseits auf die etwas abgelegeneren Routen. Vorbei an Schloss Wei\u00dfensee und schlie\u00dflich kamen wir p\u00fcnktlich um 13:00 in Bamberg an. Problem nur, wo findet man einen Parkplatz. Die ganzen Parkh\u00e4user waren besetzt und so blieb uns nichts anderes \u00fcbrig als uns mit einer Kurzparkzone anzufreunden und ggf. des \u00d6fteren man ein wenig Geld in die Parkur zur investieren.&nbsp;<\/p>\n\n\n\n<p>Die Stadtf\u00fchrung dauerte dann doch 2 Stunden und wir lernten einiges \u00fcber Ober- Unter- und Mittelfranken, die Braukunst Rauchbier herzustellen und vor allem wieder einige Sprichw\u00f6rter neu zu interpretieren. Nebenbei erkundeten wir noch die mittelalterliche Stadt, von der im 2. Weltkrieg praktisch nichts zerst\u00f6rt wurde und so der urspr\u00fcngliche Charme komplett erhalten blieb. VOm Rathaus bis zum Dom war ziemlich viel Barockes mit dabei.<\/p>\n\n\n\n<p>Niels dr\u00e4ngelte bereits wieder auf den Heimweg, aber nach einer solchen Anstrengung mu\u00df erst mal ein Eis her. Das hatten wir uns verdient. Aber es erwartete uns noch ein Abendessen in Meyer\u2019s Keller in N\u00f6rdlingen. So ein kurzer Check im Navi ob wir nun direkt \u00fcber die Autobahn hetzen oder wieder gem\u00fctlich \u00fcber die Nebenstra\u00dfen bummeln konnte. Es wurde schlie\u00dflich ein Kompromiss aus Nebenstrecke und Bundesstra\u00dfe.<\/p>\n\n\n\n<p>Schlie\u00dflich erreichten wir p\u00fcnktlich und nach ein paar Regeng\u00fcssen unser Ziel in N\u00f6rdlingen. Es war wie immer ein kulinarischer Genuss. Es klingt zwar einfach mit Blutwurst-Gr\u00f6sti und Wiener Schnitzel oder Zwiebelrostbraten. Aber pl\u00f6tzlich wurde es ruhig am Tisch und alle 4 waren nur noch ins Essen vertieft.&nbsp;<\/p>\n\n\n\n<p>Kaum 4 Stunden sp\u00e4ter sa\u00dfen wir wir wieder in unseren Auto auf der letzten Etappe nach Hause.&nbsp;<\/p>\n\n\n\n<p>Was f\u00fcr ein herrlicher Tag, was f\u00fcr eine herrliche Stadt Bamberg, was f\u00fcr ein herrliches Abendessen. Wenn die zwei drei Regenschauer am Nachmittag nieder gegangen w\u00e4ren, es w\u00e4re der perfekte Tag gewesen.<\/p>\n\n\n\n<p>Vielen Dank an Susanne und an Niels.<\/p>\n\n\n\n<p>Viele Gr\u00fc\u00dfe Kirsten und Roland<\/p>\n","protected":false},"excerpt":{"rendered":"<p>Ganz spontan riefen Susanne und Niels zu einem Tagesausflug nach Bamberg auf. Infolge der Kurzfristigkeit kamen letztendlich nur noch Kirsten und Roland Roland mit dazu. Eine \u00fcberschaubare Gruppe der Cabriofreunde.&nbsp; Treffen war um 9:00 bei Susanne und Niels zu Hause. &hellip; <a href=\"https:\/\/cfa.cabrio-freunde-augsburg.de\/?page_id=3043\">Weiterlesen <span class=\"meta-nav\">&rarr;<\/span><\/a><\/p>\n","protected":false},"author":1,"featured_media":0,"parent":0,"menu_order":0,"comment_status":"closed","ping_status":"closed","template":"","meta":{"footnotes":""},"class_list":["post-3043","page","type-page","status-publish","hentry"],"_links":{"self":[{"href":"https:\/\/cfa.cabrio-freunde-augsburg.de\/index.php?rest_route=\/wp\/v2\/pages\/3043","targetHints":{"allow":["GET"]}}],"collection":[{"href":"https:\/\/cfa.cabrio-freunde-augsburg.de\/index.php?rest_route=\/wp\/v2\/pages"}],"about":[{"href":"https:\/\/cfa.cabrio-freunde-augsburg.de\/index.php?rest_route=\/wp\/v2\/types\/page"}],"author":[{"embeddable":true,"href":"https:\/\/cfa.cabrio-freunde-augsburg.de\/index.php?rest_route=\/wp\/v2\/users\/1"}],"replies":[{"embeddable":true,"href":"https:\/\/cfa.cabrio-freunde-augsburg.de\/index.php?rest_route=%2Fwp%2Fv2%2Fcomments&post=3043"}],"version-history":[{"count":4,"href":"https:\/\/cfa.cabrio-freunde-augsburg.de\/index.php?rest_route=\/wp\/v2\/pages\/3043\/revisions"}],"predecessor-version":[{"id":3060,"href":"https:\/\/cfa.cabrio-freunde-augsburg.de\/index.php?rest_route=\/wp\/v2\/pages\/3043\/revisions\/3060"}],"wp:attachment":[{"href":"https:\/\/cfa.cabrio-freunde-augsburg.de\/index.php?rest_route=%2Fwp%2Fv2%2Fmedia&parent=3043"}],"curies":[{"name":"wp","href":"https:\/\/api.w.org\/{rel}","templated":true}]}}