{"id":3065,"date":"2019-06-16T17:44:27","date_gmt":"2019-06-16T17:44:27","guid":{"rendered":"https:\/\/cfa.cabrio-freunde-augsburg.de\/?page_id=3065"},"modified":"2019-06-16T18:37:42","modified_gmt":"2019-06-16T18:37:42","slug":"toskana-2019-die-postkarten-idylle-lebt","status":"publish","type":"page","link":"https:\/\/cfa.cabrio-freunde-augsburg.de\/?page_id=3065","title":{"rendered":"Toskana 2019 \u2013 die Postkarten-Idylle lebt"},"content":{"rendered":"\n<p>Samstag ist Ferienbeginn. Und wir sind dabei. Daher starteten wir um 04:00 Uhr bei Roland und Kirsten.<\/p>\n\n\n\n<p>Zun\u00e4chst ging es \u00fcber Garmisch \u2013 Mittenwald \u2013 Brenner (auf Nebenstra\u00dfe) recht flott nach Italien. Wir lenkten die Cabrios mit offenem Verdeck auf die Autostrada und flossen Richtung Affi als erstes Ziel. Affi ist zugleich der Zielpunkt vieler Gardasee-Urlauber. Daher f\u00fchlten wir uns nicht einsam auf der Fahrt in die Sonne. In Affi f\u00fcllten wir die noch leeren Stellen der Autos mit wichtigen Gen\u00fcssen.<\/p>\n\n\n\n<p>Es ging nach einem kleinem Imbiss mit italienischem Koffein wieder auf die Autobahn. Unser finales Ziel Radicondoli erreichten wir am sp\u00e4ten Nachmittag.<\/p>\n\n\n\n<p>Zun\u00e4chst richteten wir unser Domizil ein und genossen ein paar Runden im Pool.<\/p>\n\n\n\n<p>Ja, allein der Ausblick hatte schon eine starke \u00c4hnlichkeit mit den klassischen Toskana Bildern: Sanfte H\u00fcgel teils mit den in den himmelragenden Zypressen \u2013 einfach fein so ein Ausblick. Auf den 500 Metern H\u00f6he geh\u00f6rten wir schon zu den h\u00f6hergelegenen Punkten.<\/p>\n\n\n\n<p>Unser Ferienhaus bot gro\u00dfz\u00fcgige Zimmer, eine K\u00fcche mit viel Platz und zwei Esspl\u00e4tzen auf der Terrasse. So lie\u00dfen wir den Tag der Anfahrt bei typisch italienischer Kost ausklingen.<\/p>\n\n\n\n<p>Noch ein kurzer Orientierungslauf durch das 935-Seelendorf und wir wussten Bescheid. Zwei kleine Lebensmittelgesch\u00e4fte, ein B\u00e4cker, 3 Lokale: Das reicht erst mal.<\/p>\n\n\n\n<p>In den folgenden Tagen genossen wir bergauf und bergab die einzigartige Landschaft mit malerischen D\u00f6rfern und kleinen St\u00e4dtchen.<\/p>\n\n\n\n<p>Florenz und Siena standen auf dem Speiseplan. Genauso wie Volterra, San Gimignano, Massa Marittima sowie ein Abstecher in die K\u00fcstenregion.<\/p>\n\n\n\n<p>F\u00fcr kurvenverliebte Cabriofahrer ist die Toskana eine Reise wert.&nbsp;Viele Stra\u00dfen sind kompakt mit eng aneinander gereihten Kurven.&nbsp;Die Stra\u00dfenqualit\u00e4t ist ausreichend. Die EU Gelder haben es noch nicht in jeden Winkel geschafft und die Qualit\u00e4t der Ausbesserungen entspricht dem s\u00fcdl\u00e4ndischen&nbsp;Niveau. Der Bayer w\u00fcrde sagen: \u201eBasst scho\u201c. Allerdings liegt da dann noch etwas Potenzial dazwischen. Auch die malerischen Ortschaften schwimmen nicht im Geld. Eine Kelle mit Putz reicht. Insgesamt eine stimmige, gem\u00fctliche Atmosph\u00e4re mit viel Landschaft und \u201eLa dolce vita\u201c.<\/p>\n\n\n\n<p>Die lockere Lebensart haben wir gleich \u00fcbernommen und mit Finocchio-Salami, Parmaschinken, Mortadella und ausgezeichneten K\u00e4sesorten geschlemmt. Guter Wein rundete das Ganze ab.Morgens gab es aus original italienischen Mokka T\u00f6pfen einen leckeren Kaffee. Der Geruch des dunklen, aufsteigenden Mokkas zog durch die K\u00fcche \u2013 herrlich. Nix Vollautomat, nix Filterkaffee, nix Barista. Einfach zubereitet, wie millionenfach in Italien. Habe mir doch gleich so ein handliches Alukraftwerk zugelegt&#8230;<\/p>\n\n\n\n<p>Ja, hier kann man es schon aushalten.&nbsp;<\/p>\n\n\n\n<p>Der \u00f6rtliche Pizzab\u00e4cker hat uns \u00fcberzeugt. Ebenso wie die Pasta-Manufaktur.&nbsp;Einfach unter freiem Himmel bei lauschigen Temperaturen mitten im regionalen&nbsp;Umfeld. Das war urig und unkompliziert.&nbsp;<\/p>\n\n\n\n<p>Bei den Fahrten \u00fcber viele einsame (und weniger einsame) Stra\u00dfen konnten wir allerdings auch feststellen, dass wohl in den entlegensten Ecken sich Touristen eingenistet hatten. In der Toskana verstecken sich die Urlauber \u00fcberall. Nein, es war nicht \u00fcberflutet. Aber es waren nicht nur Einheimische unterwegs.&nbsp;Erfreulich war, dass es nirgends Stau oder z\u00e4hen Verkehr gab. Wir konnten flott die Sonne genie\u00dfen. Oben hei\u00df und unten kalt. Die Klimaanlage bekam eine gute Mischung hin.&nbsp; Dann war da noch die Weinkellerei &#8222;Banfi&#8220;. Ich mach\u2019s kurz: Die Kisten sorgten f\u00fcr satte Stra\u00dfenlage. Die eine oder andere Flasche schaffte es allerdings nicht bis nach Deutschland&#8230; Original italienischer Vino auf original italienischer Terrazza, bei original italienischer Villa in original italienischer Toscana \u2013 noch nie war er so wertvoll wie heute.<\/p>\n\n\n\n<p>Die Fotos geben einen ungef\u00e4hren Eindruck dieser herrlichen Woche wider. Das Erlebnis selbst kann durch ein Foto allerdings nicht ann\u00e4hernd eingefangen werden. Da hilft nur \u201eauf in die Toskana\u201c.&nbsp; <\/p>\n\n\n\n<p>Lieber Roland liebe Kirsten, mit der Villa habt ihr einen Volltreffer gelandet.&nbsp;Vielen Dank daf\u00fcr. Es war diesmal in der piccolo Gruppe sehr fein. Alles hat gepasst. Die Gaumenfreuden und die Kurven waren harmonisch abgestimmt.<\/p>\n\n\n\n<p>Die Woche verging zu schnell. Aber das gem\u00fctliche Ende klang mit einem original italienischen Fr\u00fchst\u00fcck aus.&nbsp;<\/p>\n\n\n\n<p>Ciao Bella Toscana!<\/p>\n\n\n\n<p>Susanne und Niels<\/p>\n\n\n\n[ngg src=&#8220;galleries&#8220; ids=&#8220;20&#8243; display=&#8220;basic_thumbnail&#8220;]\n","protected":false},"excerpt":{"rendered":"<p>Samstag ist Ferienbeginn. Und wir sind dabei. Daher starteten wir um 04:00 Uhr bei Roland und Kirsten. Zun\u00e4chst ging es \u00fcber Garmisch \u2013 Mittenwald \u2013 Brenner (auf Nebenstra\u00dfe) recht flott nach Italien. Wir lenkten die Cabrios mit offenem Verdeck auf &hellip; <a href=\"https:\/\/cfa.cabrio-freunde-augsburg.de\/?page_id=3065\">Weiterlesen <span class=\"meta-nav\">&rarr;<\/span><\/a><\/p>\n","protected":false},"author":7,"featured_media":3071,"parent":0,"menu_order":0,"comment_status":"closed","ping_status":"closed","template":"","meta":{"footnotes":""},"class_list":["post-3065","page","type-page","status-publish","has-post-thumbnail","hentry"],"_links":{"self":[{"href":"https:\/\/cfa.cabrio-freunde-augsburg.de\/index.php?rest_route=\/wp\/v2\/pages\/3065","targetHints":{"allow":["GET"]}}],"collection":[{"href":"https:\/\/cfa.cabrio-freunde-augsburg.de\/index.php?rest_route=\/wp\/v2\/pages"}],"about":[{"href":"https:\/\/cfa.cabrio-freunde-augsburg.de\/index.php?rest_route=\/wp\/v2\/types\/page"}],"author":[{"embeddable":true,"href":"https:\/\/cfa.cabrio-freunde-augsburg.de\/index.php?rest_route=\/wp\/v2\/users\/7"}],"replies":[{"embeddable":true,"href":"https:\/\/cfa.cabrio-freunde-augsburg.de\/index.php?rest_route=%2Fwp%2Fv2%2Fcomments&post=3065"}],"version-history":[{"count":4,"href":"https:\/\/cfa.cabrio-freunde-augsburg.de\/index.php?rest_route=\/wp\/v2\/pages\/3065\/revisions"}],"predecessor-version":[{"id":3169,"href":"https:\/\/cfa.cabrio-freunde-augsburg.de\/index.php?rest_route=\/wp\/v2\/pages\/3065\/revisions\/3169"}],"wp:featuredmedia":[{"embeddable":true,"href":"https:\/\/cfa.cabrio-freunde-augsburg.de\/index.php?rest_route=\/wp\/v2\/media\/3071"}],"wp:attachment":[{"href":"https:\/\/cfa.cabrio-freunde-augsburg.de\/index.php?rest_route=%2Fwp%2Fv2%2Fmedia&parent=3065"}],"curies":[{"name":"wp","href":"https:\/\/api.w.org\/{rel}","templated":true}]}}