{"id":384,"date":"2014-10-06T19:24:53","date_gmt":"2014-10-06T19:24:53","guid":{"rendered":"http:\/\/cfa.cabrio-freunde-augsburg.de\/?page_id=384"},"modified":"2014-10-08T01:04:04","modified_gmt":"2014-10-08T01:04:04","slug":"panoramastrassen-oesterreich","status":"publish","type":"page","link":"https:\/\/cfa.cabrio-freunde-augsburg.de\/?page_id=384","title":{"rendered":"Panoramastrassen \u00d6sterreich"},"content":{"rendered":"<p>Die Panoramastrassen \u00d6sterreichs \u2013 Was soll man dazu eigentlich noch viel sagen&#8230;&#8230;<\/p>\n<p><a href=\"http:\/\/cfa.cabrio-freunde-augsburg.de\/wp-content\/uploads\/2014\/10\/Gro\u00dfglockner.jpg\"><img loading=\"lazy\" decoding=\"async\" src=\"http:\/\/cfa.cabrio-freunde-augsburg.de\/wp-content\/uploads\/2014\/10\/Gro\u00dfglockner-300x199.jpg\" alt=\"Auf dem Gro\u00df Glockner\" width=\"300\" height=\"199\" class=\"alignnone size-medium wp-image-388\" srcset=\"https:\/\/cfa.cabrio-freunde-augsburg.de\/wp-content\/uploads\/2014\/10\/Gro\u00dfglockner-300x199.jpg 300w, https:\/\/cfa.cabrio-freunde-augsburg.de\/wp-content\/uploads\/2014\/10\/Gro\u00dfglockner.jpg 1024w\" sizes=\"auto, (max-width: 300px) 100vw, 300px\" \/><\/a><\/p>\n<p>Start war am Freitag dem 3. Oktober p\u00fcnktlich um 9:00 mit 5 Fahrzeugen zum ersten Zwischenstopp in Landsberg um auch unsere Cabriofreunde aus Illerbeuren als sechstes Fahrzeug mit an Bord zu nehmen. Nur die hatten verschlafen und so eilten sie in einer sehr flotten Anfahrt zum vereinbarten Treffpunkt. <\/p>\n<p>So ging es dann letztlich fast p\u00fcnktlich mit nur 30 min Versp\u00e4tung schlie\u00dflich in Richtung Bad T\u00f6lz. Dort ereilte uns dann auch schon auf der A95 und weiter zum Sylvenstein Speicher das Problem, dass nicht nur wir der Deutschen Einigung nicht w\u00fcrdigten, sondern dass auch noch ganz viele andere Mitb\u00fcrger den Feiertrag nutzten um ein verl\u00e4ngertes Wochenende in den Alpen zu verbringen. Das w\u00e4re ja noch gar nicht so schlimm gewesen, wenn nicht ein nicht unerheblicher Anteil der Bev\u00f6lkerung die Idee gehabt h\u00e4tte dies mit historischen Traktoren zu tun. Also stauten wir uns bis hinauf zum Stausee und es hatte schon den Anschein, dass sich der Tag zu einem zeitlichen Desaster entwickeln w\u00fcrde -> falsch gedacht, denn sobald wir den Achensee erreicht hatten lief der Verkehr pl\u00f6tzlich wieder fl\u00fcssig. Ein kurzer Abstecher \u00fcber die Achenseestra\u00dfe brachte uns ins Zillertal und auch schon wieder zum n\u00e4chsten Stau. Aber nichts konnte uns mehr aufhalten und so erreichten wir bei Uderns den Einstieg in die Zillertaler H\u00f6henstra\u00dfe. <\/p>\n<p>Hier begann ja eigentlich erst das Abenteuer. Die Auffahrt an sich ist ja schon ein Erlebnis, sich durch die engen Serpentinen zu tasten und darauf zu hoffen, dass es keinen Gegenverkehr g\u00e4be. Daf\u00fcr wird man mit einem gigantischen Ausblick, auch w\u00e4hrend der Fahrt auf das Zillertal belohnt. Eine etwas sp\u00e4te Einkehr gegen 14:00 Uhr in der Zellbergh\u00fctte lie\u00df uns etwas Zeit wieder zur Ruhe zu kommen. Die Abfahrt aus 2000 m H\u00f6he von dort aus verlief dann ziemlich z\u00fcgig und das n\u00e4chste Ziel hie\u00df Gerlospass.<\/p>\n<p>[nggallery id=5]<\/p>\n<p>Nach der Nahtoterfahrung einiger Beifahrer bez\u00fcglich der Zillertaler H\u00f6henstra\u00dfe war der Gerlospass eine richtige Erholung. Nahezu autobahn\u00e4hnliche Stra\u00dfen und Serpentinen lie\u00dfen Fahrer und Beifahrer entspannt zur\u00fccklehnen und die Aussicht genie\u00dfen. Die Krimmler Wasserf\u00e4lle lie\u00dfen wir links liegen und machten uns auf den Weg zu unserem Hotel in Saalbach-Hinterglemm.<\/p>\n<p><a href=\"http:\/\/cfa.cabrio-freunde-augsburg.de\/wp-content\/uploads\/2014\/10\/D308507.jpg\"><img loading=\"lazy\" decoding=\"async\" src=\"http:\/\/cfa.cabrio-freunde-augsburg.de\/wp-content\/uploads\/2014\/10\/D308507-300x199.jpg\" alt=\"Alpine Palace Hotel\" width=\"300\" height=\"199\" class=\"alignnone size-medium wp-image-396\" srcset=\"https:\/\/cfa.cabrio-freunde-augsburg.de\/wp-content\/uploads\/2014\/10\/D308507-300x199.jpg 300w, https:\/\/cfa.cabrio-freunde-augsburg.de\/wp-content\/uploads\/2014\/10\/D308507.jpg 1024w\" sizes=\"auto, (max-width: 300px) 100vw, 300px\" \/><\/a><\/p>\n<p>Dort erwartete uns das Alpine Palace Hotel. Wer wollte konnte den Parkservice nutzen (Harry hol den Wagen raus) und nach einer kurzen Verschnaufpause im Zimmer gab es auch schon Abendessen. Wie die das im Hotel hinbekommen haben, f\u00fcr 70,&#8211; Euro die Nacht ein derart feines und leckeres 5-G\u00e4nge-Men\u00fc zu kreieren war uns allen ein R\u00e4tsel. Aber da wussten wir ja noch nicht was uns beim Fr\u00fchst\u00fccksb\u00fcffet erwartet und am Samstag beim Abend-Gala-Dinner. <\/p>\n<p>Der Samstag sollte dann das eigentliche Highlight des Ausfluges darstellen. Zun\u00e4chst holte \u201eHarry den Wagen\u201c und ab ging es zur Gro\u00df-Glockner-Hochalpenstra\u00dfe. Auch das Wetter zeigte sich strahlend blau und die Sicht reichte bis zum Horizont. Die Edelwei\u00dfspitze mit ihren 2571 m H\u00f6he ist der h\u00f6chste Punkt dieser Stra\u00dfe. Weiter ging es dann quasi bergab zur Franz-Josefs-H\u00f6he mit dem Ausblick auf den Gletscher und den Gro\u00df Glockner. <\/p>\n<p>Weiter ging es auf der Landstra\u00dfe in Richtung Spittal an der Drau und um den Millst\u00e4tter See. Dort hat uns dann Manfred verlassen und ist in Richtung Heimat abgedriftet. So ging es noch zu f\u00fcnft weiter zur Nockalm H\u00f6henstrasse. Zeitlich hat es uns ein wenig zur\u00fcck geworfen, so dass wir erst gegen 15:00 (statt den angestrebten 14:00 Uhr) an der Glockenh\u00fctte zum Mittagessen angekommen sind. Daf\u00fcr wurden wir mit einem ausgesprochen guten Essen belohnt und konnten uns ein wenig von den Strapazen der Fahrt erholen und neue Kr\u00e4fte f\u00fcr den Heimweg sammeln. Zun\u00e4chst ging es aber durch die h\u00fcgeligen \u201eNockberge\u201c mit ihren gr\u00fcnen Wiesen in den H\u00f6henlagen. <\/p>\n<p><a href=\"http:\/\/cfa.cabrio-freunde-augsburg.de\/wp-content\/uploads\/2014\/10\/D308567.jpg\"><img loading=\"lazy\" decoding=\"async\" src=\"http:\/\/cfa.cabrio-freunde-augsburg.de\/wp-content\/uploads\/2014\/10\/D308567-300x199.jpg\" alt=\"Glockenalm in den Nockbergen\" width=\"300\" height=\"199\" class=\"alignnone size-medium wp-image-394\" srcset=\"https:\/\/cfa.cabrio-freunde-augsburg.de\/wp-content\/uploads\/2014\/10\/D308567-300x199.jpg 300w, https:\/\/cfa.cabrio-freunde-augsburg.de\/wp-content\/uploads\/2014\/10\/D308567.jpg 1024w\" sizes=\"auto, (max-width: 300px) 100vw, 300px\" \/><\/a><\/p>\n<p>Aber die R\u00fcckreise barg noch eine weitere \u00dcberraschung. In Mallnitz wurden unsere Cabrios auf den Autozug verladen um uns durch die Tauernschleuse unserem Hotel etwas n\u00e4her zu bringen. Letztendlich waren es an diesem Tag fast 400 km Fahrt, was dann doch Spuren hinterlassen hatte. Ankunft war gegen 19:15 Uhr so dass wir zum Abendessen erst um 20:15 zusammen kamen. Daf\u00fcr wurden wir wieder mit einem ausgesprochen guten 5-G\u00e4nge-Men\u00fc \u00fcberrascht.  <\/p>\n<p>Daf\u00fcr war am Sonntag erst mal richtig ausschlafen angesagt. Einige von uns konnten noch den Wellnessbereich des Hotels antesten. Wieder war das Fr\u00fchst\u00fccksb\u00fcffet eine Herausforderung an die Figur. Schlie\u00dflich mussten wir leider unsere Zimmer r\u00e4umen und so ging es dann um 11:00 Uhr in Richtung Augsburg. In Erwartung des R\u00fcckreiseverkehrs beschlossen wir uns nach M\u00f6glichkeit nur auf Nebenstrecken zu bewegen. So ging es \u00fcber Saalfelden nach St. Johann. Dort verlie\u00dfen uns dann Heike und Jochen, da sie leichter \u00fcber Innsbruck nach Hause kamen. Da waren\u2019s nur noch 4. Von Kufstein aus ging es nach Thiersee, Bayrischzell, und nach Gmund am Tegernsee. Dort war es Zeit f\u00fcr Ulrike und Alexander noch einen kleinen Einkehrschwung ins Br\u00e4ust\u00fcberl in Tegernsee zu machen und so waren\u2019s nur noch 3. Wir blieben noch zusammen bis Inning am Ammersee, denn auch von dort aus hatten Susi und Hans den k\u00fcrzeren Heimweg. Da waren\u2019s nur noch 2. Susanne und Niels sowie Kirsten und ich waren noch der harte Kern und so erreichten wir schlie\u00dflich wieder Augsburg und das Ganze ohne auch nur den geringsten Stau zu erleben, wie es im Radio f\u00fcr die Hauptverkehrsstra\u00dfen angek\u00fcndigt waren.<\/p>\n<p>Das Res\u00fcmee der Fahrt war einhellig \u201eextrem anstrengend aber endgeil\u201c. Insgesamt waren wir etwa 1.000 km unterwegs, quasi alles bei Sonnenschein (mal abgesehen vom Fr\u00fchnebel am Freitag). Der ein oder andere Kilometer war dann schon zu viel, aber wen interessiert es in ein paar Wochen noch, wenn man an diesen Ausflug zur\u00fcck denkt.<\/p>\n<p>Mit dabei waren:<\/p>\n<p>Heike und Jochen<br \/>\nSusi und Hans<br \/>\nManfred (diesmal leider ohne Sybille \u2013 aber bis zum n\u00e4chsten Mal)<br \/>\nKirsten und Roland<br \/>\nSusanne und Niels (praktisch schon Mitglieder im CFA)<br \/>\nUlrike und Alexander (hoffentlich bald Mitglieder im CFA)<\/p>\n<p>Die gefahrenen H\u00f6henmeter habe ich nicht zusammengerechnet und die Mengen an Essen die wir im Hotel vertilgt hatten lassen sich einfach nicht in Worte und Kilos fassen.<\/p>\n<p>Ich hoffe es hat allen genauso Spa\u00df gemacht wie mir und ich kann euch beruhigen auch mir waren am Samstag letztendlich die 400 km ein wenig zuviel. Ich gelobe Besserung.<\/p>\n<p>In Vorfreude auf den n\u00e4chsten Ausflug.<\/p>\n<p>Roland<\/p>\n","protected":false},"excerpt":{"rendered":"<p>Die Panoramastrassen \u00d6sterreichs \u2013 Was soll man dazu eigentlich noch viel sagen&#8230;&#8230; Start war am Freitag dem 3. Oktober p\u00fcnktlich um 9:00 mit 5 Fahrzeugen zum ersten Zwischenstopp in Landsberg um auch unsere Cabriofreunde aus Illerbeuren als sechstes Fahrzeug mit &hellip; <a href=\"https:\/\/cfa.cabrio-freunde-augsburg.de\/?page_id=384\">Weiterlesen <span class=\"meta-nav\">&rarr;<\/span><\/a><\/p>\n","protected":false},"author":1,"featured_media":0,"parent":0,"menu_order":0,"comment_status":"open","ping_status":"open","template":"","meta":{"footnotes":""},"class_list":["post-384","page","type-page","status-publish","hentry"],"_links":{"self":[{"href":"https:\/\/cfa.cabrio-freunde-augsburg.de\/index.php?rest_route=\/wp\/v2\/pages\/384","targetHints":{"allow":["GET"]}}],"collection":[{"href":"https:\/\/cfa.cabrio-freunde-augsburg.de\/index.php?rest_route=\/wp\/v2\/pages"}],"about":[{"href":"https:\/\/cfa.cabrio-freunde-augsburg.de\/index.php?rest_route=\/wp\/v2\/types\/page"}],"author":[{"embeddable":true,"href":"https:\/\/cfa.cabrio-freunde-augsburg.de\/index.php?rest_route=\/wp\/v2\/users\/1"}],"replies":[{"embeddable":true,"href":"https:\/\/cfa.cabrio-freunde-augsburg.de\/index.php?rest_route=%2Fwp%2Fv2%2Fcomments&post=384"}],"version-history":[{"count":7,"href":"https:\/\/cfa.cabrio-freunde-augsburg.de\/index.php?rest_route=\/wp\/v2\/pages\/384\/revisions"}],"predecessor-version":[{"id":522,"href":"https:\/\/cfa.cabrio-freunde-augsburg.de\/index.php?rest_route=\/wp\/v2\/pages\/384\/revisions\/522"}],"wp:attachment":[{"href":"https:\/\/cfa.cabrio-freunde-augsburg.de\/index.php?rest_route=%2Fwp%2Fv2%2Fmedia&parent=384"}],"curies":[{"name":"wp","href":"https:\/\/api.w.org\/{rel}","templated":true}]}}

Panoramastrassen Österreich

<p>Die Panoramastrassen Österreichs – Was soll man dazu eigentlich noch viel sagen&#8230;&#8230;</p>
<p><a href="http://cfa.cabrio-freunde-augsburg.de/wp-content/uploads/2014/10/Großglockner.jpg"><img loading="lazy" decoding="async" src="http://cfa.cabrio-freunde-augsburg.de/wp-content/uploads/2014/10/Großglockner-300x199.jpg" alt="Auf dem Groß Glockner" width="300" height="199" class="alignnone size-medium wp-image-388" srcset="https://cfa.cabrio-freunde-augsburg.de/wp-content/uploads/2014/10/Großglockner-300x199.jpg 300w, https://cfa.cabrio-freunde-augsburg.de/wp-content/uploads/2014/10/Großglockner.jpg 1024w" sizes="auto, (max-width: 300px) 100vw, 300px" /></a></p>
<p>Start war am Freitag dem 3. Oktober pünktlich um 9:00 mit 5 Fahrzeugen zum ersten Zwischenstopp in Landsberg um auch unsere Cabriofreunde aus Illerbeuren als sechstes Fahrzeug mit an Bord zu nehmen. Nur die hatten verschlafen und so eilten sie in einer sehr flotten Anfahrt zum vereinbarten Treffpunkt. </p>
<p>So ging es dann letztlich fast pünktlich mit nur 30 min Verspätung schließlich in Richtung Bad Tölz. Dort ereilte uns dann auch schon auf der A95 und weiter zum Sylvenstein Speicher das Problem, dass nicht nur wir der Deutschen Einigung nicht würdigten, sondern dass auch noch ganz viele andere Mitbürger den Feiertrag nutzten um ein verlängertes Wochenende in den Alpen zu verbringen. Das wäre ja noch gar nicht so schlimm gewesen, wenn nicht ein nicht unerheblicher Anteil der Bevölkerung die Idee gehabt hätte dies mit historischen Traktoren zu tun. Also stauten wir uns bis hinauf zum Stausee und es hatte schon den Anschein, dass sich der Tag zu einem zeitlichen Desaster entwickeln würde -> falsch gedacht, denn sobald wir den Achensee erreicht hatten lief der Verkehr plötzlich wieder flüssig. Ein kurzer Abstecher über die Achenseestraße brachte uns ins Zillertal und auch schon wieder zum nächsten Stau. Aber nichts konnte uns mehr aufhalten und so erreichten wir bei Uderns den Einstieg in die Zillertaler Höhenstraße. </p>
<p>Hier begann ja eigentlich erst das Abenteuer. Die Auffahrt an sich ist ja schon ein Erlebnis, sich durch die engen Serpentinen zu tasten und darauf zu hoffen, dass es keinen Gegenverkehr gäbe. Dafür wird man mit einem gigantischen Ausblick, auch während der Fahrt auf das Zillertal belohnt. Eine etwas späte Einkehr gegen 14:00 Uhr in der Zellberghütte ließ uns etwas Zeit wieder zur Ruhe zu kommen. Die Abfahrt aus 2000 m Höhe von dort aus verlief dann ziemlich zügig und das nächste Ziel hieß Gerlospass.</p>
<p>[nggallery id=5]</p>
<p>Nach der Nahtoterfahrung einiger Beifahrer bezüglich der Zillertaler Höhenstraße war der Gerlospass eine richtige Erholung. Nahezu autobahnähnliche Straßen und Serpentinen ließen Fahrer und Beifahrer entspannt zurücklehnen und die Aussicht genießen. Die Krimmler Wasserfälle ließen wir links liegen und machten uns auf den Weg zu unserem Hotel in Saalbach-Hinterglemm.</p>
<p><a href="http://cfa.cabrio-freunde-augsburg.de/wp-content/uploads/2014/10/D308507.jpg"><img loading="lazy" decoding="async" src="http://cfa.cabrio-freunde-augsburg.de/wp-content/uploads/2014/10/D308507-300x199.jpg" alt="Alpine Palace Hotel" width="300" height="199" class="alignnone size-medium wp-image-396" srcset="https://cfa.cabrio-freunde-augsburg.de/wp-content/uploads/2014/10/D308507-300x199.jpg 300w, https://cfa.cabrio-freunde-augsburg.de/wp-content/uploads/2014/10/D308507.jpg 1024w" sizes="auto, (max-width: 300px) 100vw, 300px" /></a></p>
<p>Dort erwartete uns das Alpine Palace Hotel. Wer wollte konnte den Parkservice nutzen (Harry hol den Wagen raus) und nach einer kurzen Verschnaufpause im Zimmer gab es auch schon Abendessen. Wie die das im Hotel hinbekommen haben, für 70,&#8211; Euro die Nacht ein derart feines und leckeres 5-Gänge-Menü zu kreieren war uns allen ein Rätsel. Aber da wussten wir ja noch nicht was uns beim Frühstücksbüffet erwartet und am Samstag beim Abend-Gala-Dinner. </p>
<p>Der Samstag sollte dann das eigentliche Highlight des Ausfluges darstellen. Zunächst holte „Harry den Wagen“ und ab ging es zur Groß-Glockner-Hochalpenstraße. Auch das Wetter zeigte sich strahlend blau und die Sicht reichte bis zum Horizont. Die Edelweißspitze mit ihren 2571 m Höhe ist der höchste Punkt dieser Straße. Weiter ging es dann quasi bergab zur Franz-Josefs-Höhe mit dem Ausblick auf den Gletscher und den Groß Glockner. </p>
<p>Weiter ging es auf der Landstraße in Richtung Spittal an der Drau und um den Millstätter See. Dort hat uns dann Manfred verlassen und ist in Richtung Heimat abgedriftet. So ging es noch zu fünft weiter zur Nockalm Höhenstrasse. Zeitlich hat es uns ein wenig zurück geworfen, so dass wir erst gegen 15:00 (statt den angestrebten 14:00 Uhr) an der Glockenhütte zum Mittagessen angekommen sind. Dafür wurden wir mit einem ausgesprochen guten Essen belohnt und konnten uns ein wenig von den Strapazen der Fahrt erholen und neue Kräfte für den Heimweg sammeln. Zunächst ging es aber durch die hügeligen „Nockberge“ mit ihren grünen Wiesen in den Höhenlagen. </p>
<p><a href="http://cfa.cabrio-freunde-augsburg.de/wp-content/uploads/2014/10/D308567.jpg"><img loading="lazy" decoding="async" src="http://cfa.cabrio-freunde-augsburg.de/wp-content/uploads/2014/10/D308567-300x199.jpg" alt="Glockenalm in den Nockbergen" width="300" height="199" class="alignnone size-medium wp-image-394" srcset="https://cfa.cabrio-freunde-augsburg.de/wp-content/uploads/2014/10/D308567-300x199.jpg 300w, https://cfa.cabrio-freunde-augsburg.de/wp-content/uploads/2014/10/D308567.jpg 1024w" sizes="auto, (max-width: 300px) 100vw, 300px" /></a></p>
<p>Aber die Rückreise barg noch eine weitere Überraschung. In Mallnitz wurden unsere Cabrios auf den Autozug verladen um uns durch die Tauernschleuse unserem Hotel etwas näher zu bringen. Letztendlich waren es an diesem Tag fast 400 km Fahrt, was dann doch Spuren hinterlassen hatte. Ankunft war gegen 19:15 Uhr so dass wir zum Abendessen erst um 20:15 zusammen kamen. Dafür wurden wir wieder mit einem ausgesprochen guten 5-Gänge-Menü überrascht.  </p>
<p>Dafür war am Sonntag erst mal richtig ausschlafen angesagt. Einige von uns konnten noch den Wellnessbereich des Hotels antesten. Wieder war das Frühstücksbüffet eine Herausforderung an die Figur. Schließlich mussten wir leider unsere Zimmer räumen und so ging es dann um 11:00 Uhr in Richtung Augsburg. In Erwartung des Rückreiseverkehrs beschlossen wir uns nach Möglichkeit nur auf Nebenstrecken zu bewegen. So ging es über Saalfelden nach St. Johann. Dort verließen uns dann Heike und Jochen, da sie leichter über Innsbruck nach Hause kamen. Da waren’s nur noch 4. Von Kufstein aus ging es nach Thiersee, Bayrischzell, und nach Gmund am Tegernsee. Dort war es Zeit für Ulrike und Alexander noch einen kleinen Einkehrschwung ins Bräustüberl in Tegernsee zu machen und so waren’s nur noch 3. Wir blieben noch zusammen bis Inning am Ammersee, denn auch von dort aus hatten Susi und Hans den kürzeren Heimweg. Da waren’s nur noch 2. Susanne und Niels sowie Kirsten und ich waren noch der harte Kern und so erreichten wir schließlich wieder Augsburg und das Ganze ohne auch nur den geringsten Stau zu erleben, wie es im Radio für die Hauptverkehrsstraßen angekündigt waren.</p>
<p>Das Resümee der Fahrt war einhellig „extrem anstrengend aber endgeil“. Insgesamt waren wir etwa 1.000 km unterwegs, quasi alles bei Sonnenschein (mal abgesehen vom Frühnebel am Freitag). Der ein oder andere Kilometer war dann schon zu viel, aber wen interessiert es in ein paar Wochen noch, wenn man an diesen Ausflug zurück denkt.</p>
<p>Mit dabei waren:</p>
<p>Heike und Jochen<br />
Susi und Hans<br />
Manfred (diesmal leider ohne Sybille – aber bis zum nächsten Mal)<br />
Kirsten und Roland<br />
Susanne und Niels (praktisch schon Mitglieder im CFA)<br />
Ulrike und Alexander (hoffentlich bald Mitglieder im CFA)</p>
<p>Die gefahrenen Höhenmeter habe ich nicht zusammengerechnet und die Mengen an Essen die wir im Hotel vertilgt hatten lassen sich einfach nicht in Worte und Kilos fassen.</p>
<p>Ich hoffe es hat allen genauso Spaß gemacht wie mir und ich kann euch beruhigen auch mir waren am Samstag letztendlich die 400 km ein wenig zuviel. Ich gelobe Besserung.</p>
<p>In Vorfreude auf den nächsten Ausflug.</p>
<p>Roland</p>

<p>Die Panoramastrassen Österreichs – Was soll man dazu eigentlich noch viel sagen&#8230;&#8230; Start war am Freitag dem 3. Oktober pünktlich um 9:00 mit 5 Fahrzeugen zum ersten Zwischenstopp in Landsberg um auch unsere Cabriofreunde aus Illerbeuren als sechstes Fahrzeug mit &hellip; <a href="https://cfa.cabrio-freunde-augsburg.de/?page_id=384">Weiterlesen <span class="meta-nav">&rarr;</span></a></p>
